e third derivative of -q**5/60 - q**4/3 - 5*q**3/3 + 2*q**2 - 6*q. Let w(o) = -80*o - 1047. Let b be w(-13). Calculate h(b).
-3
Suppose 0*d + 2*u + 152 = -2*d, 0 = 4*d - 5*u + 268. Let a be ((-8)/(-8) + -2)/(8/600). Let q = d - a. Let r(f) = -f**3 + 5*f**2 - 2*f - 3. What is r(q)?
9
Let v(r) = 2*r**2 - r - 4. Suppose 0 = 3*n - 5*s + 22 - 19, -12 = n + 2*s. Let y be (n/(-9))/(3/(-18)). Give v(y).
32
Let c(r) = 3 - 4 - r**2 + 2*r + 5. Suppose 30 = -6*v + 7*v. Suppose -36*h + v*h = -18. What is c(h)?
1
Suppose 138 = 5*j + 2*m - 83, -2*j = -2*m - 94. Let i = j + -55. Let o(k) = 2*k + 26. Calculate o(i).
6
Let l(a) = -2*a**2 - 5*a + 6. Let n = -5321 + 5317. What is l(n)?
-6
Let u(s) = 6*s**3 - 5*s**2 - 4*s + 16. Let p(l) = 2 + 170*l**3 + l**2 + 2*l - 169*l**3 - 2. Let q(y) = -5*p(y) + u(y). Calculate q(11).
-17
Suppose -p = 1 - 3. Suppose -5*f + p = -8. Suppose -v = f*v + r + 6, 0 = -3*v + 5*r + 12. Let n(d) = -14*d**2 + 2*d + 1. Calculate n(v).
-15
Let p = -402 + 401. Let s(d) = -21*d**2 + 3*d + 4. Let y(c) = 61*c**2 - 8*c - 11. Let n(q) = 11*s(q) + 4*y(q). What is n(p)?
12
Suppose -105 = 45*s + 435. Let i(h) = h**3 + 11*h**2 - 10*h + 24. What is i(s)?
0
Let f(u) be the second derivative of u**3/3 - 13*u**2 - 6*u - 370. Give f(13).
0
Suppose -6*g + 7*g + 4*c + 12 = 0, -5*c - 20 = 0. Suppose 0 = g*r + 11 - 7. Let o be (-1 - -2)*r - (38 - 34). Let k(y) = y**2 + 6*y + 4. What is k(o)?
-1
Let h(t) be the second derivative of -2*t**3/3 + 40*t**2 - 2886*t. What is h(20)?
0
Let b be 3 - 13/5 - (-969)/(-85). Let u(k) = 3*k**3 + 8*k + 2*k + 3*k - 10*k**2 + 2*k**3 - 15 - 6*k**3. What is u(b)?
-37
Let z(l) = 3*l - 7. Let q(u) = u**2 + 35*u + 292. Let b be q(-15). What is z(b)?
-31
Let r(m) = -15*m + 2. Let q(l) = -2*l**2 + 8*l + 165. Let w(a) = -q(a) - 3*r(a). Determine w(4).
9
Suppose -104*h = -3*d - 101*h + 33, h - 34 = -8*d. Suppose -2*b = -4 - 0. Let i(c) = -4*c + 1 + d*c + 12 - b*c. Determine i(7).
6
Suppose -5*s - 53 = -4*y, -3*y - 2*s - 2*s + 1 = 0. Let w be 8 + (4 - 4 - 0). Let t(c) = w*c - c**2 + 0 - 5 + 1 + 3. Calculate t(y).
6
Let d(a) = -2*a**2 + a**2 + 2*a**2 + 25 + a. Let s = 201824 + -201824. Give d(s).
25
Let r(l) = -13*l - 142. Let p be r(-15). Let x(m) = -52 + 21 + p*m + 23 - 54*m. Give x(-6).
-2
Suppose 10*d = -0*d + 3*d - d. Let g(z) be the third derivative of 0*z**4 + 7/6*z**3 + 0*z - 1/60*z**5 + d + 17*z**2. What is g(0)?
7
Let x(q) = -49*q + 2. Let d = 20347 + -20344. Calculate x(d).
-145
Let m(j) = 2*j - 20. Suppose 2232 - 1372 = 86*x. Give m(x).
0
Let h(k) = -71*k + 350. Let z be ((-3)/(-1))/((-4)/(40/(-6))). Give h(z).
-5
Suppose -432*h = -44*h - 8536. Let y(g) = 3*g - 57. Calculate y(h).
9
Let s(k) = -16 - 26 - 7305*k + 73 + 7309*k. What is s(-6)?
7
Let r be (0 + (-56)/(-6))*(-45)/10. Suppose 181 = -5*w - 49. Let s = w - r. Let p(y) = y - 2. Give p(s).
-6
Suppose -7*x + 0*x - 21 = 0. Let t be (-4 - x)*(9 + (5 - 9)). Let b(c) be the first derivative of -c**3/3 - 3*c**2 + 3. Give b(t).
5
Suppose 22*x = 3*o + 23*x - 46, -5*o - 2*x = -77. Let q(r) = -o*r + 45*r - 9 - 1 - 19*r - 12*r. What is q(-7)?
-3
Let a(i) = -4*i**2 - 2440*i - 16 + 2*i**2 + 2436*i - i**3 - i**2. What is a(-4)?
16
Let m(p) be the first derivative of -2*p**3/3 + 19*p**2/2 - 1847. What is m(11)?
-33
Let n(s) = 3*s + 1. Suppose -a + v = -42, -v - 75 = 5*a - 255. Let k = -35 + a. Suppose 12 = 2*z + 4*h - k*h, 0 = 5*z - 3*h + 2. Give n(z).
7
Suppose 130*l - 155 - 111 = -6. Let w(s) be the first derivative of 5/2*s**l - 1/3*s**3 - 15 - 5*s. Give w(4).
-1
Let v(u) = 3*u**2 + u - 7*u + 2 - 2*u**2 - 8. Suppose -113*k + 38*k = -450. Determine v(k).
-6
Let m(j) = -2*j**2 + 3*j + 1. Let c(s) = s**3 - 3*s**2 + 5*s - 2. Let l(z) = -c(z) + 2*m(z). What is l(-2)?
6
Suppose 91*n = 94*n - 4*l - 62, -l - 47 = -3*n. Let w(p) = 3*p - 31. Give w(n).
11
Let b(w) = -2*w - 3*w + 6*w - 16. Let y(l) = l**2 + 2*l - 2. Let s be y(-2). Let d be ((-40)/15)/s*6. Give b(d).
-8
Let h(u) = -u**2 - 15*u - 32. Let j be 198/(-18)*(2/(-6))/(32/(-96)). Calculate h(j).
12
Let j be (0 - 6/(-9))/((-22)/(-231)). Let y be ((-62)/4)/(j/14). Let f(a) = -2*a**2 - 61*a + 23. Let x be f(y). Let w(r) = -r**2 - 10*r - 9. What is w(x)?
7
Suppose t - 5*t - 36 = 0. Let l(v) = -20*v - 445. Let w(g) = -7*g - 157. Let x(i) = -6*l(i) + 17*w(i). Determine x(t).
-8
Let f = -35 + 73. Let a = -35 + f. Let j(s) = -4*s**2 + 0 + s - 57*s**3 - s**2 + 56*s**a - 5. Calculate j(-5).
-10
Let q(k) = -4*k - 4*k - 89 - 37 + 7 - 9*k. Calculate q(-7).
0
Let q(d) = d + 6. Let f(y) be the second derivative of y**5/20 + 25*y**4/12 + 4*y**3 - 3*y**2 + 9*y. Suppose 180 - 132 = -2*c. Let j be f(c). What is q(j)?
0
Let t be 40 + -37 - (-2)/2*2218. Let b(c) = t*c - 3 - c**2 - 2224*c + 0 + 6. What is b(-5)?
-7
Let y(m) be the second derivative of m**3/6 + 3*m**2/2 + 29*m. Let h = 41 - 42. Let c(i) = 3*i**2 - i + 1. Let z be c(h). Determine y(z).
8
Let v be 1 + (46/(-253) - 26/(-22)). Suppose -2*k - 5*i + 6 = 0, -3*k - v*i + 5*i = -51. Let b(c) = c - 20. Calculate b(k).
-7
Let f(w) be the first derivative of w**4/12 - w**3 + w**2/2 - 35*w - 40. Let c(u) be the second derivative of f(u). Let t = 2 + 5. Calculate c(t).
8
Let n be -1 + 4 - 8/4. Let x be (n/(-1))/(18/(-54)). Let r(l) = -8*l - 2*l**x + 10 + 4*l + l**3 + 0*l**3 - 8*l**2. Give r(-7).
-11
Suppose -3*y = 2*r + 57 - 5, -3*r = -4*y + 95. Let o(a) = -a**2 - 30*a - 41. Calculate o(r).
-12
Suppose 3*a = 4*o + 54, -18*a = -13*a + 4*o - 58. Let n be 46/6 + a/(-21). Let y(c) = -c**2 + 9*c + 10. Determine y(n).
24
Let p(j) = -9*j**3 - 12*j**2 - 3*j + 1. Let r = 271 - 264. Let b(i) = 13*i**3 + 18*i**2 + 5*i - 2. Let x(t) = r*p(t) + 5*b(t). What is x(-4)?
-51
Suppose -o = 4*x - 46, 0 = -o - 2*o - 3*x + 93. Suppose 3*u + 139 = 4*w, 25 = -w - 4*u + 36. Let h = o - w. Let g(i) = 2*i - 5. Give g(h).
-15
Let a(q) be the first derivative of -2*q**2 - 39*q - 625. Determine a(-11).
5
Let k(u) be the third derivative of -u**6/60 + 13*u**5/30 - 5*u**4/8 - 113*u**3/6 + 2*u**2 - 178*u + 1. What is k(12)?
-5
Let w(q) = 169 - 7*q**2 + 2*q**2 - 2*q - 168. Let i(b) = -7*b + 10. Let u be i(4). Let s be 2/(-4) - u/12. What is w(s)?
-6
Let v(r) = 40*r + 253 - 70 - 13 - 20. What is v(-4)?
-10
Let m = -528 + 480. Let o be m/(-22) + -4 + (-4)/22. Let u(y) = -3*y**3 + y**2 - 2*y - 1. Determine u(o).
31
Let h(b) be the third derivative of b**7/5040 + 7*b**6/720 + 59*b**5/60 - 22*b**2. Let t(w) be the third derivative of h(w). Give t(6).
13
Let o(q) = 5. Let m(x) be the second derivative of x**3/6 - 6*x**2 + 2*x - 8. Let i(t) = -2*m(t) - 5*o(t). Suppose 15 = -5*j - 0. Give i(j).
5
Suppose 21*o = 26*o - 20. Let c(b) = 2*b**2 - 10*b + 15. Let p be c(o). Let a(n) = n**2 - 7*n - 6. Determine a(p).
-6
Let u be 12/6*(-1 - -17 - -5). Let f(z) = u - z - 17 - 13. Calculate f(7).
5
Let c(a) be the first derivative of -4*a**3/3 + 9*a + 595. Calculate c(-3).
-27
Let k(r) = 25*r**2 - 104*r + 18. Let n(j) = 12*j**2 - 49*j + 9. Let m(i) = -6*k(i) + 13*n(i). Calculate m(4).
53
Let o(m) be the third derivative of -m**5/30 + 3*m**4/2 - 2*m**3/3 + 232*m**2. What is o(18)?
-4
Let w(l) = 11*l - 11. Let r(y) = 2*y - 1. Let c(m) = 6*r(m) - w(m). Suppose 0 = -4*u - 15 - 13. Determine c(u).
-2
Let x(v) = -v + 3. Let o be 4 - (12/54 + 292/(-18)). Suppose -k + 20 = 5*g, 0*g = 5*g + 3*k - o. Determine x(g).
-1
Let a(i) = 2*i - 6. Suppose -5*d = 5*b - 10, 4*b - 2*d + 7 - 21 = 0. Let j(v) = 5*v - b*v + 2 + 1. Let x be j(2). Give a(x).
8
Let n(l) = 26*l**2 + 9*l + 69. Let h(b) = 15*b**2 + 4*b + 34. Let a(u) = 7*h(u) - 4*n(u). Give a(9).
-29
Let y(s) = -213*s + 8. Let t(v) = 170*v - 8. Let z(u) = 5*t(u) + 4*y(u). Let f be -3*3/((-27)/(-24)). Give z(f).
8
Suppose -5*a + 3*l = 69 - 72, -4*a - 2 = 2*l. Let r(d) = -d**2 + 4*d - 5. Calculate r(a).
-5
Let a(m) be the first derivative of 5*m**2/2 + 7*m + 2647. Give a(3).
22
Suppose b = -3*q + q - 2, b + q + 3 = 0. Let f be b/10 - (-120)/50. Suppose 25 - 1 = -w + 5*t, 5*w + f*t = 15. Let p(h) = -6*h. What is p(w)?
-6
Let u(b) = 18*b + 56. Let z = -2548 + 2544. Calculate u(z).
-16
Let k(u) = -5*u**2 + u**2 + u**3 - 2 - u**2. Suppose 2*f = -2*i + 202, -2*i + 3*f - 7*f = -208. Let v be (-2)/7 + 518/i. Give k(v).
-2
Let a = -29074 - -29094. Let s(f) = -f**3 + 18*f**2 + 37*f + 46. Give s(a).
-14
Let t(z) = 4*z + 17. 